 + -1?
-42215002
In base 12, what is 206a7 - -1358?
21a43
In base 7, what is -3302 - 16430?
-23032
In base 5, what is -11 + -1432402124?
-1432402140
In base 4, what is 20 + 100301102011?
100301102031
In base 2, what is 1011100111001111011111 - -100?
1011100111001111100011
In base 10, what is 4 + 104758061?
104758065
In base 4, what is 13 - -13100133020?
13100133033
In base 16, what is 1de - 7facf?
-7f8f1
In base 8, what is 354511 - 6?
354503
In base 11, what is -10728 - -1101?
-a627
In base 3, what is 1 - -21210012010011?
21210012010012
In base 16, what is 2 - -bb3226?
bb3228
In base 16, what is 5 - 399164?
-39915f
In base 10, what is -4 - 97658?
-97662
In base 14, what is a74257c - -2?
a742580
In base 13, what is 16 - 3308176?
-3308160
In base 4, what is -2003 + 33223031?
33221022
In base 3, what is 10011201212101021 + 11?
10011201212101102
In base 16, what is -4 + 5b371d9?
5b371d5
In base 9, what is 5 - -1065466425?
1065466431
In base 9, what is 27 - 4117788?
-4117761
In base 10, what is 67421828 - -4?
67421832
In base 14, what is 15384 + 7b?
15421
In base 9, what is 5155468 + 25?
5155504
In base 7, what is -10052466526 - 3?
-10052466532
In base 14, what is -531 + 934?
403
In base 10, what is -4370271 - 41?
-4370312
In base 14, what is 45 - -3895b?
389a2
In base 4, what is -1300112 - 10122131?
-12022303
In base 13, what is 2 - 311278?
-311276
In base 3, what is -10001001000102001 - 11?
-10001001000102012
In base 8, what is 12606 - 2120?
10466
In base 3, what is 121202 - -111102112200?
111110011102
In base 15, what is 19 + -65e38a?
-65e371
In base 5, what is 0 - -124232101?
124232101
In base 3, what is -10122001 + 102202112?
22010111
In base 4, what is -10 + 20123311010?
20123311000
In base 2, what is -10110000 - -1010000100110011110011?
1010000100110001000011
In base 14, what is b0ad2a + -8?
b0ad22
In base 4, what is 13 + -22110001020?
-22110001001
In base 13, what is -296073 + -9?
-29607c
In base 11, what is 313789 - -13?
3137a1
In base 9, what is 2 + -22732268?
-22732266
In base 14, what is -c7244d + -6?
-c72455
In base 6, what is 4345352 - 24?
4345324
In base 12, what is -2 + 301970?
30196a
In base 7, what is -10140603 - -335?
-10140235
In base 15, what is 8 - 215c57?
-215c4e
In base 10, what is -530017225 + -3?
-530017228
In base 11, what is 114a66 + -13?
114a53
In base 14, what is -3 + -299ab0c7?
-299ab0ca
In base 7, what is 122123 + 1344?
123500
In base 6, what is -423522301 - 10?
-423522311
In base 14, what is b130 - 210?
ad20
In base 2, what is 10 + 1001110011101101011100001000?
1001110011101101011100001010
In base 16, what is -4 + -9ae6906?
-9ae690a
In base 6, what is -555542 + 45343?
-510155
In base 15, what is -a9 - 2c281e?
-2c28c8
In base 16, what is -23 + -3f450?
-3f473
In base 16, what is -5deb0 - e4?
-5df94
In base 2, what is -110 + 10011000111000010100100101?
10011000111000010100011111
In base 10, what is -5 - 3236886?
-3236891
In base 3, what is 2211101101002 + -202?
2211101100100
In base 11, what is 34170 + 68?
34228
In base 3, what is -1122 + -1221110010001?
-1221110011200
In base 12, what is -4b558 - -15b8?
-49b60
In base 15, what is -10 - 5e16d7?
-5e16e7
In base 7, what is 366 + -4336506?
-4336110
In base 2, what is 111100001000101 - 1101110?
111011111010111
In base 14, what is 179006 + 95?
17909b
In base 11, what is 259 - 60813?
-60565
In base 16, what is fdf4 + 188?
ff7c
In base 8, what is 45423042 + -6?
45423034
In base 9, what is 13 - -137587?
137611
In base 12, what is -3a88 - 2bb79?
-33a45
In base 7, what is -3025051 + -5?
-3025056
In base 7, what is 12012550 - -46?
12012626
In base 13, what is c0 - -36811?
36901
In base 12, what is -b + -1252a2?
-1252b1
In base 14, what is 1218 - 457?
ba1
In base 10, what is 3 - -13636317?
13636320
In base 14, what is 2bcc88 + 17d?
2bd027
In base 11, what is 4344327 - 6?
4344321
In base 7, what is 203364036 + 0?
203364036
In base 11, what is -11 + 218126?
218115
In base 15, what is -83665c + -14?
-836671
In base 13, what is -15 + -2039?
-2051
In base 11, what is 88 - 596a07?
-59692a
In base 15, what is -2302 + a11?
-17e1
In base 7, what is 10001 - 42055?
-32054
In base 15, what is 731 - 319?
417
In base 12, what is -a62818 - 56?
-a62872
In base 13, what is -151 + 14cc?
137b
In base 3, what is -11 + 22122001222022?
22122001222011
In base 9, what is 2174 - 171476?
-168302
In base 2, what is 11 + 101011101111100010?
101011101111100101
In base 3, what is -22002012001202011 + 1?
-22002012001202010
In base 12, what is -117b - a5b?
-201a
In base 15, what is 84ea - ad2?
7918
In base 14, what is 5aa7777 + 1?
5aa7778
In base 16, what is 1681b10 + -3?
1681b0d
In base 16, what is 14d54 + 2a?
14d7e
In base 8, what is 23 - -1252536?
1252561
In base 3, what is 2202210 + -11211111?
-2001201
In base 11, what is -21 - -6817267?
6817246
In base 11, what is -3 + 4617a98?
4617a95
In base 4, what is -3 + 3100130022320?
3100130022311
In base 12, what is -1b89a2 + -56?
-1b8a38
In base 2, what is -1010101 + -111110010100100010001?
-111110010100101100110
In base 3, what is 22 + -222022120010?
-222022112211
In base 4, what is 23210101 - -33?
23210200
In base 6, what is 1532125 + 400?
1532525
In base 9, what is -24606 + -228?
-24835
In base 13, what is 1694b - -181?
16acc
In base 10, what is -28722 + -1?
-28723
In base 11, what is 27576 + 320?
27896
In base 12, what is -a62086 + 5?
-a62081
In base 2, what is -1001110101 - 100011010101101?
-100100100100010
In base 11, what is aa131313 + 8?
aa131320
In base 6, what is -11 - 11550542?
-11550553
In base 11, what is -98a9 - -1475a?
5961
In base 10, what is -1 - -11569203?
11569202
In base 6, what is -2233521 - -235?
-2233242
In base 8, what is 14 + 70165335?
70165351
In base 8, what is 550 + 27455?
30225
In base 4, what is 1012001211 - 3201?
1011332010
In base 4, what is 2230312213333 - 13?
2230312213320
In base 10, what is -2 + -20499723?
-20499725
In base 16, what is -87068c - 2?
-87068e
In base 12, what is -6010 - 9b5?
-6a05
In base 8, what is -135746 + -254?
-136222
In base 16, what is 4 + -d9755?
-d9751
In base 4, what is -33332233 + 101131?
-33231102
In base 6, what is 23205451000 + -5?
23205450551
In base 9, what is -23048 + -474?
-23533
In base 11, what is 74 - 1071296?
-1071222
In base 2, what is 1010110 - -1001000111110011?
1001001001001001
In base 3, what is -12 - -22012121101?
22012121012
In base 4, what is -11 + 230121223212?
230121223201
In base 15, what is 12c447 + 17?
12c45e
In base 9, what is 264134574 - 4?
264134570
In base 2, what is 1001100101010 - -10011011110000?
11101000011010
In base 11, what is 19507 + 113?
1961a
In base 7, what is 2503056403 - -13?
2503056416
In base 13, what is -1 - -109a404?
109a403
In base 14, what is 82a36 - -c8?
82b20
In base 3, what is 10 - 110000220202102221?
-110000220202102211
In base 5, what is 440112133 - -1?
440112134
In base 13, what is 972c - -7c?
97ab
In base 6, what is 211225314 - 0?
211225314
In base 7, what is -301556 + 2550?
-266006
In base 3, what is 221 - -1022021212221102?
1022021212222100
In base 9, what is 1 - 63272371?
-63272370
In base 10, what is -216225 - 294?
-216519
In base 15, what is 844e + -141?
830d
In base 12, what is -3 - 7779978?
-777997b
In base 12, what is -14876 - -1097?
-1379b
In base 13, what is -3bc2 - 23acc?
-279c1
In base 5, what is -1204 + -10101324?
-10103033
In base 9, what is -18760 - 1105?
-20865
In base 13, what is -15b - -5c7a3?
5c645
In base 13, what is -7922 - 42b?
-8050
In base 5, what is -330200313 + -3?
-330200321
In base 16, what is 1c9b1 - 5c?
1c955
In base 14, what is -383a0 - 6?
-383a6
In base 10, what is 99 - -162430?
162529
In base 12, what is ba6 - -22556?
23540
In base 11, what is -1a44 - 26226?
-2816a
In base 11, what is -7211002 - -2a?
-7210a83
In base 15, what is -1191 + -12c?
-12bd
In base 3, what is -12020101121 + 22020?
-12020002101
In base 4, what is 20021033 - -30220?
20111313
In base 13, what is 0 - -3c3820?
3c3820
In base 16, what is 9 - 6e8258?
-6e824f
In base 12, what is 29a - -74b0?
778a
In base 8, what is 1525000 - -343?
1525343
In base 16, what is 2146b - -efc?
22367
In base 10, what is -74 - -1494562?
1494488
In base 11, what is -6 - -23680a3?
2368098
In base 8, what is -13512 - -2531?
-10761
In base 11, what is -31088681 + 4?
-31088678